pose 2*w = w + 5. Suppose -g + 6*g = w. What is the remainder when k is divided by g?
0
Calculate the remainder when 19 is divided by 9/3*3/(36/44).
8
Let s(a) = a**3 - 6*a**2 + 6*a - 4. Let f be s(5). What is the remainder when (1 + f)*(-48)/(-32) is divided by 1?
0
Let b(g) = -9*g - 7. What is the remainder when b(-6) is divided by 12?
11
Suppose 5*z + k - 29 = 22, 17 = 3*z + 4*k. Suppose 0 = j + 2 - z. Calculate the remainder when j is divided by 5.
4
Suppose 2*v + a = 42, 34 = 2*v - 5*a + 4*a. What is the remainder when 90 is divided by v?
14
Let x(h) = h**3 + 6*h**2 + h - 4. Let m be (-1)/((-3)/(-15)) + 3. What is the remainder when 28 is divided by x(m)?
8
Suppose 34 = 3*w + 4. Let d = -42 - -69. Calculate the remainder when d is divided by w.
7
Let v = 9 + -2. Let b(o) = 3*o**3 - 2*o**2 - 2*o. Let r be b(-2). Let m = 47 + r. What is the remainder when m is divided by v?
5
Let l = 5 - 3. Suppose -2*d - l*a = -10, -2*d - a + 0*a = -5. Suppose 2*n + n + y - 108 = d, 5*y = -3*n + 96. What is the remainder when n is divided by 20?
17
Let y(c) = -17*c**2 - c - 1. Let j be y(-2). Let k = j + 96. Suppose 2*p = 3*g + 53, -4*p + 4*g = k - 125. Calculate the remainder when p is divided by 10.
9
Calculate the remainder when (1 + 0)/((-3031)/434 + 7) is divided by 22.
18
Let w(s) = s - 5. Let i be w(11). Let b(h) = h - 7. Let u be b(i). Let q = u - -10. Calculate the remainder when q is divided by 5.
4
Let s(u) = -5*u - 14. Let g(w) = 12*w + 1. Let j be g(-1). Calculate the remainder when s(j) is divided by 14.
13
Let j = -15 - -62. Let p = -34 + j. Suppose -7 = -h - 5*d, 5*h + 7 = 6*h + 2*d. Calculate the remainder when p is divided by h.
6
Suppose 13*i - 2*u + 38 = 16*i, -4*u + 66 = 5*i. Calculate the remainder when 18 + (1 - 0 - 1) is divided by i.
8
Let z(i) = 22*i**2 - 2*i + 1. What is the remainder when 41 is divided by z(1)?
20
Let f = 65 + -34. Let h(g) = -g + 2. Let y be h(6). Calculate the remainder when f is divided by 22/(y/(-2))*1.
9
Let r(j) = 2*j - 2*j + 2*j + 1 - 9*j**3. Let l be r(-1). Let v(n) = n**2 - 8*n + 8. What is the remainder when 14 is divided by v(l)?
6
Let i(o) = -o**2 - 8*o + 6. Suppose -7 = q - 28. What is the remainder when q is divided by i(-8)?
3
Suppose -y = -4, -y = 4*t - 31 - 33. Calculate the remainder when 44 is divided by t.
14
Let j(s) = 2*s + 9. Let a(d) = d**2 + 8*d + 7. Let x be a(-7). What is the remainder when 25 is divided by j(x)?
7
Let c(f) = -f**2 - 4*f. Let n be c(-4). Let a = -2 - n. What is the remainder when 19 is divided by (-12 + 1)/(a + 1)?
8
Let v = -2 + 19. Suppose k = -2*s + 58, 5*k - 2*s - 210 = 32. Calculate the remainder when k is divided by v.
16
Suppose -h = -3*q - 0*h + 12, -26 = -4*q - 2*h. Calculate the remainder when q is divided by 2.
1
Suppose -2*p - 3*h = -45, -23 = 5*p + 5*h - 123. What is the remainder when p is divided by 10?
5
Let s(q) = -q**2 - q + 3. Let f be s(2). Let r(v) = 3*v**2 + 3*v + 4. Let p(j) = 4*j**2 - 2*j. What is the remainder when r(f) is divided by p(2)?
10
Suppose w = -w. Let o(b) be the third derivative of b**6/120 - b**5/60 + 7*b**3/6 - b**2. Calculate the remainder when 20 is divided by o(w).
6
What is the remainder when 54/72 - 610/(-8) is divided by 26?
25
Let f(j) = 3*j - 3. Let t be f(2). Suppose -4*x - 3*u + 107 = 0, 0 = 3*x - t*u - 27 - 48. Calculate the remainder when x is divided by 9/((-2)/(-2 - 0)).
8
Let a(b) = b**2 + 3*b - 17. Calculate the remainder when 87 is divided by a(-7).
10
Let p = 11 - 7. Suppose 5*k - p*r = -1, 3*k + 3*r - 5 = 16. What is the remainder when k is divided by -3 - (-7 + (2 - -1))?
0
Suppose 5*x - 123 = 2*x. Calculate the remainder when x is divided by 11.
8
Suppose 0 = -4*p - 0*p + 3*l + 110, 0 = 3*p - 4*l - 86. Let g(o) = -o**3 - 10*o**2 + 22*o - 15. Calculate the remainder when p is divided by g(-12).
8
Let r = -5 - -12. What is the remainder when 34 is divided by r?
6
Let i(w) = 2*w - 1. Let h = 2 + 0. Suppose 0*l - l = 0, -10 = -h*m + 2*l. Calculate the remainder when m is divided by i(2).
2
Calculate the remainder when 2/(-9) + (-425)/(-9) is divided by 12.
11
Let p = 3 - 9. Let j(t) = -2*t - 9. Let b be j(p). Suppose 0*i = g + b*i - 6, i = 2*g - 33. Calculate the remainder when 44 is divided by g.
14
Suppose -2*h - 160 = -2*y - 2*y, -h = 2*y - 80. What is the remainder when 17 is divided by y/(-4)*(-1)/2?
2
Let s = 21 - 3. Suppose z = -z + s. Calculate the remainder when 33 is divided by z.
6
Suppose -2*y - 2*a = -30, 4*y - a - 64 - 6 = 0. What is the remainder when 50 is divided by y?
16
Suppose 5*y - 5*b = 215, b - 28 = -y - b. What is the remainder when y is divided by 13?
12
Suppose 4 = 3*i + 28. Let w(x) = 2*x**2 + 9*x + 11. Suppose 5*c + 16 = -3*a + 116, 3*a - 54 = -3*c. What is the remainder when w(i) is divided by c?
21
Let w be 76/(-12) - (-4)/(-6). Let v = -5 - w. Suppose -v = -2*y + 90. Calculate the remainder when y is divided by 12.
10
Suppose 4*j = -25 + 69. Let z = -42 + 73. What is the remainder when z is divided by j?
9
Suppose 3*j = j + 28. Let n(y) = y**3 + 3*y**2 - 2*y - 1. Let p be (-12)/(-8)*(1 + -3). What is the remainder when j is divided by n(p)?
4
Suppose 2*b + 13 = 47. Let g(i) = i**3 + 11*i**2 + 9*i - 4. Calculate the remainder when b is divided by g(-10).
5
Suppose 0 = 4*v - 5*b - 175, 91 + 2 = 2*v + 3*b. Let p = v - 16. Calculate the remainder when p is divided by 15.
14
Suppose -6*i = -i - 25. Calculate the remainder when 13 is divided by i.
3
Let k(l) = l**2 + 3*l + 4. Suppose 0 = -3*i - 3*q - 7 - 2, 0 = -3*q. Suppose -g + 6 + 5 = 0. What is the remainder when g is divided by k(i)?
3
Suppose -2*r + 10 = v + 4*v, -3*r + 4*v = -15. Calculate the remainder when r is divided by (3/(-2))/((-8)/16).
2
Suppose -4*l - 456 = -2*f, -5*f - l + 1092 = l. What is the remainder when (f/(-6))/(24/(-36)) is divided by 14?
13
Calculate the remainder when 24 is divided by (-74)/(-6) - 2/(-3).
11
Let b(d) = 2*d + 10. Calculate the remainder when 39 is divided by b(0).
9
Let c(l) = -2*l**2 - 14*l - 14. Calculate the remainder when c(-5) is divided by 3.
0
Suppose 6*p - h - 35 = 3*p, 2*h = 2. Let r(b) = -225*b - 16. Let f(t) = 45*t + 3. Let k(o) = 11*f(o) + 2*r(o). What is the remainder when k(1) is divided by p?
10
Let r(h) = 5*h + 2. Let k be r(6). Let f = k + -15. Suppose -5*u = -4*t + 46, 2*u + 25 = -5*t + 66. What is the remainder when f is divided by t?
8
Let f(y) = y**3 + 14*y**2 + 13*y + 5. Calculate the remainder when 33 is divided by f(-13).
3
Let m = 148 + -140. Calculate the remainder when 36 is divided by m.
4
Let o = -34 - -65. Calculate the remainder when o is divided by 8.
7
Let t(x) = x**3 + 10*x**2 + 12*x + 10. What is the remainder when t(-8) is divided by 11?
9
Let l = 7 + -6. Let q(i) = -22*i**2 + 10*i - 10. Let p(y) = -7*y**2 + 3*y - 3. Let w(f) = -7*p(f) + 2*q(f). Calculate the remainder when w(l) is divided by 2.
1
Suppose 8*g - 6*g - 52 = 0. Suppose 0 = -2*l - 0*l + g. Calculate the remainder when 50 is divided by l.
11
Let p(n) = n**3 + 9*n**2 - n + 5. Let a be p(-9). Let y = a + 3. What is the remainder when y is divided by (12/10)/(8/40)?
5
Let u(r) = -48*r. What is the remainder when u(-1) is divided by 17?
14
Suppose o + 9 = 21. What is the remainder when 152 is divided by o?
8
Suppose 3*u - 155 = -5*t, -2*t - 4*u - 93 = -5*t. Suppose -n = -6 - 8. Let p = n + 2. Calculate the remainder when t is divided by p.
15
Let d = 12 + -6. Suppose -7*t = -6*t - d. What is the remainder when 23 is divided by t?
5
Suppose 1 + 8 = -3*i + 3*k, -5*k + 13 = -3*i. Let b be 12/(-2)*(i + 2). What is the remainder when (-160)/b*(-27)/(-18) is divided by 14?
12
What is the remainder when 74 is divided by (0 - -19)*-5*5/(-25)?
17
Calculate the remainder when (-2 + -1 + (-17 - -1))*-1 is divided by 2/(-8) - 29/(-4).
5
Suppose -3*m + 5*b = -98, -2*m + 6*m - 5*b = 124. Calculate the remainder when m is divided by 13.
0
Let g be (-38)/(-14) - (-8)/28. Suppose 5*k - 375 = -5*l, 2*k - g*l = -l + 154. Suppose -2*n = 2*n - k. Calculate the remainder when 37 is divided by n.
18
Suppose -6*h = -0*h - 162. What is the remainder when 107 is divided by h?
26
Suppose -2*x + 54 = -4. Suppose 5*q - 15 = 4*q. What is the remainder when x is divided by q?
14
Suppose 5*q - 3*p = -5 + 14, 3*q = -4*p + 17. Suppo